{"id":8142,"date":"2024-11-13T15:48:43","date_gmt":"2024-11-13T14:48:43","guid":{"rendered":"https:\/\/vadrouilles.xyz\/?page_id=8142"},"modified":"2025-10-15T21:35:00","modified_gmt":"2025-10-15T20:35:00","slug":"republique-tcheque","status":"publish","type":"page","link":"https:\/\/vadrouilles.xyz\/?page_id=8142","title":{"rendered":"R\u00e9publique Tch\u00e8que"},"content":{"rendered":"\n<p><strong>Ao\u00fbt 2019<\/strong><\/p>\n\n\n\n<p>Travers\u00e9e du sud au nord : voir <a href=\"https:\/\/vadrouilles.xyz\/?page_id=21\" data-type=\"page\" data-id=\"21\">Chroniques Europ\u00e9ennes<\/a><\/p>\n\n\n\n<figure class=\"wp-block-gallery has-nested-images columns-2 wp-block-gallery-1 is-layout-flex wp-block-gallery-is-layout-flex\">\n<figure class=\"wp-block-image size-large\"><a href=\"https:\/\/vadrouilles.xyz\/wp-content\/uploads\/2023\/01\/426-scaled.jpg\"><img loading=\"lazy\" decoding=\"async\" width=\"1024\" height=\"768\" data-id=\"308\" src=\"https:\/\/vadrouilles.xyz\/wp-content\/uploads\/2023\/01\/426-1024x768.jpg\" alt=\"\" class=\"wp-image-308\" srcset=\"https:\/\/vadrouilles.xyz\/wp-content\/uploads\/2023\/01\/426-1024x768.jpg 1024w, https:\/\/vadrouilles.xyz\/wp-content\/uploads\/2023\/01\/426-300x225.jpg 300w, https:\/\/vadrouilles.xyz\/wp-content\/uploads\/2023\/01\/426-768x576.jpg 768w, https:\/\/vadrouilles.xyz\/wp-content\/uploads\/2023\/01\/426-1536x1152.jpg 1536w, https:\/\/vadrouilles.xyz\/wp-content\/uploads\/2023\/01\/426-2048x1536.jpg 2048w\" sizes=\"auto, (max-width: 1024px) 100vw, 1024px\" \/><\/a><figcaption class=\"wp-element-caption\">\u010cesk\u00fd Krumlov &#8211; 21\/08\/19<\/figcaption><\/figure>\n\n\n\n<figure class=\"wp-block-image size-large\"><a href=\"https:\/\/vadrouilles.xyz\/wp-content\/uploads\/2023\/01\/428-scaled.jpg\"><img loading=\"lazy\" decoding=\"async\" width=\"1024\" height=\"768\" data-id=\"309\" src=\"https:\/\/vadrouilles.xyz\/wp-content\/uploads\/2023\/01\/428-1024x768.jpg\" alt=\"\" class=\"wp-image-309\" srcset=\"https:\/\/vadrouilles.xyz\/wp-content\/uploads\/2023\/01\/428-1024x768.jpg 1024w, https:\/\/vadrouilles.xyz\/wp-content\/uploads\/2023\/01\/428-300x225.jpg 300w, https:\/\/vadrouilles.xyz\/wp-content\/uploads\/2023\/01\/428-768x576.jpg 768w, https:\/\/vadrouilles.xyz\/wp-content\/uploads\/2023\/01\/428-1536x1152.jpg 1536w, https:\/\/vadrouilles.xyz\/wp-content\/uploads\/2023\/01\/428-2048x1536.jpg 2048w\" sizes=\"auto, (max-width: 1024px) 100vw, 1024px\" \/><\/a><figcaption class=\"wp-element-caption\">Zvikov &#8211; 23\/08\/19<\/figcaption><\/figure>\n\n\n\n<figure class=\"wp-block-image size-large\"><a href=\"https:\/\/vadrouilles.xyz\/wp-content\/uploads\/2023\/01\/441-scaled.jpg\"><img loading=\"lazy\" decoding=\"async\" width=\"1024\" height=\"768\" data-id=\"312\" src=\"https:\/\/vadrouilles.xyz\/wp-content\/uploads\/2023\/01\/441-1024x768.jpg\" alt=\"\" class=\"wp-image-312\" srcset=\"https:\/\/vadrouilles.xyz\/wp-content\/uploads\/2023\/01\/441-1024x768.jpg 1024w, https:\/\/vadrouilles.xyz\/wp-content\/uploads\/2023\/01\/441-300x225.jpg 300w, https:\/\/vadrouilles.xyz\/wp-content\/uploads\/2023\/01\/441-768x576.jpg 768w, https:\/\/vadrouilles.xyz\/wp-content\/uploads\/2023\/01\/441-1536x1152.jpg 1536w, https:\/\/vadrouilles.xyz\/wp-content\/uploads\/2023\/01\/441-2048x1536.jpg 2048w\" sizes=\"auto, (max-width: 1024px) 100vw, 1024px\" \/><\/a><figcaption class=\"wp-element-caption\">Prague &#8211; 25\/08\/19<\/figcaption><\/figure>\n\n\n\n<figure class=\"wp-block-image size-large\"><a href=\"https:\/\/vadrouilles.xyz\/wp-content\/uploads\/2023\/01\/429-scaled.jpg\"><img loading=\"lazy\" decoding=\"async\" width=\"1024\" height=\"768\" data-id=\"310\" src=\"https:\/\/vadrouilles.xyz\/wp-content\/uploads\/2023\/01\/429-1024x768.jpg\" alt=\"\" class=\"wp-image-310\" srcset=\"https:\/\/vadrouilles.xyz\/wp-content\/uploads\/2023\/01\/429-1024x768.jpg 1024w, https:\/\/vadrouilles.xyz\/wp-content\/uploads\/2023\/01\/429-300x225.jpg 300w, https:\/\/vadrouilles.xyz\/wp-content\/uploads\/2023\/01\/429-768x576.jpg 768w, https:\/\/vadrouilles.xyz\/wp-content\/uploads\/2023\/01\/429-1536x1152.jpg 1536w, https:\/\/vadrouilles.xyz\/wp-content\/uploads\/2023\/01\/429-2048x1536.jpg 2048w\" sizes=\"auto, (max-width: 1024px) 100vw, 1024px\" \/><\/a><figcaption class=\"wp-element-caption\">Litom\u011b\u0159ice &#8211; 28\/08\/19<\/figcaption><\/figure>\n\n\n\n<figure class=\"wp-block-image size-large\"><a href=\"https:\/\/vadrouilles.xyz\/wp-content\/uploads\/2023\/01\/438-scaled.jpg\"><img loading=\"lazy\" decoding=\"async\" width=\"768\" height=\"1024\" data-id=\"311\" src=\"https:\/\/vadrouilles.xyz\/wp-content\/uploads\/2023\/01\/438-768x1024.jpg\" alt=\"\" class=\"wp-image-311\" srcset=\"https:\/\/vadrouilles.xyz\/wp-content\/uploads\/2023\/01\/438-768x1024.jpg 768w, https:\/\/vadrouilles.xyz\/wp-content\/uploads\/2023\/01\/438-225x300.jpg 225w, https:\/\/vadrouilles.xyz\/wp-content\/uploads\/2023\/01\/438-1152x1536.jpg 1152w, https:\/\/vadrouilles.xyz\/wp-content\/uploads\/2023\/01\/438-1536x2048.jpg 1536w, https:\/\/vadrouilles.xyz\/wp-content\/uploads\/2023\/01\/438-scaled.jpg 1920w\" sizes=\"auto, (max-width: 768px) 100vw, 768px\" \/><\/a><figcaption class=\"wp-element-caption\">Prague &#8211; 24\/08\/19<\/figcaption><\/figure>\n\n\n\n<figure class=\"wp-block-image size-large\"><a href=\"https:\/\/vadrouilles.xyz\/wp-content\/uploads\/2023\/01\/445-scaled.jpg\"><img loading=\"lazy\" decoding=\"async\" width=\"768\" height=\"1024\" data-id=\"313\" src=\"https:\/\/vadrouilles.xyz\/wp-content\/uploads\/2023\/01\/445-768x1024.jpg\" alt=\"\" class=\"wp-image-313\" srcset=\"https:\/\/vadrouilles.xyz\/wp-content\/uploads\/2023\/01\/445-768x1024.jpg 768w, https:\/\/vadrouilles.xyz\/wp-content\/uploads\/2023\/01\/445-225x300.jpg 225w, https:\/\/vadrouilles.xyz\/wp-content\/uploads\/2023\/01\/445-1152x1536.jpg 1152w, https:\/\/vadrouilles.xyz\/wp-content\/uploads\/2023\/01\/445-1536x2048.jpg 1536w, https:\/\/vadrouilles.xyz\/wp-content\/uploads\/2023\/01\/445-scaled.jpg 1920w\" sizes=\"auto, (max-width: 768px) 100vw, 768px\" \/><\/a><figcaption class=\"wp-element-caption\">Prague &#8211; 26\/08\/19<\/figcaption><\/figure>\n\n\n\n<figure class=\"wp-block-image size-large\"><a href=\"https:\/\/vadrouilles.xyz\/wp-content\/uploads\/2023\/01\/449-scaled.jpg\"><img loading=\"lazy\" decoding=\"async\" width=\"1024\" height=\"768\" data-id=\"314\" src=\"https:\/\/vadrouilles.xyz\/wp-content\/uploads\/2023\/01\/449-1024x768.jpg\" alt=\"\" class=\"wp-image-314\" srcset=\"https:\/\/vadrouilles.xyz\/wp-content\/uploads\/2023\/01\/449-1024x768.jpg 1024w, https:\/\/vadrouilles.xyz\/wp-content\/uploads\/2023\/01\/449-300x225.jpg 300w, https:\/\/vadrouilles.xyz\/wp-content\/uploads\/2023\/01\/449-768x576.jpg 768w, https:\/\/vadrouilles.xyz\/wp-content\/uploads\/2023\/01\/449-1536x1152.jpg 1536w, https:\/\/vadrouilles.xyz\/wp-content\/uploads\/2023\/01\/449-2048x1536.jpg 2048w\" sizes=\"auto, (max-width: 1024px) 100vw, 1024px\" \/><\/a><figcaption class=\"wp-element-caption\">Prague &#8211; 25\/08\/19<\/figcaption><\/figure>\n<\/figure>\n","protected":false},"excerpt":{"rendered":"<p>Ao\u00fbt 2019 Travers\u00e9e du sud au nord : voir Chroniques Europ\u00e9ennes<\/p>\n","protected":false},"author":1,"featured_media":0,"parent":0,"menu_order":0,"comment_status":"closed","ping_status":"closed","template":"","meta":{"footnotes":""},"class_list":["post-8142","page","type-page","status-publish","hentry"],"_links":{"self":[{"href":"https:\/\/vadrouilles.xyz\/index.php?rest_route=\/wp\/v2\/pages\/8142","targetHints":{"allow":["GET"]}}],"collection":[{"href":"https:\/\/vadrouilles.xyz\/index.php?rest_route=\/wp\/v2\/pages"}],"about":[{"href":"https:\/\/vadrouilles.xyz\/index.php?rest_route=\/wp\/v2\/types\/page"}],"author":[{"embeddable":true,"href":"https:\/\/vadrouilles.xyz\/index.php?rest_route=\/wp\/v2\/users\/1"}],"replies":[{"embeddable":true,"href":"https:\/\/vadrouilles.xyz\/index.php?rest_route=%2Fwp%2Fv2%2Fcomments&post=8142"}],"version-history":[{"count":2,"href":"https:\/\/vadrouilles.xyz\/index.php?rest_route=\/wp\/v2\/pages\/8142\/revisions"}],"predecessor-version":[{"id":13683,"href":"https:\/\/vadrouilles.xyz\/index.php?rest_route=\/wp\/v2\/pages\/8142\/revisions\/13683"}],"wp:attachment":[{"href":"https:\/\/vadrouilles.xyz\/index.php?rest_route=%2Fwp%2Fv2%2Fmedia&parent=8142"}],"curies":[{"name":"wp","href":"https:\/\/api.w.org\/{rel}","templated":true}]}}