{"id":8138,"date":"2024-11-13T15:46:14","date_gmt":"2024-11-13T14:46:14","guid":{"rendered":"https:\/\/vadrouilles.xyz\/?page_id=8138"},"modified":"2025-10-14T19:01:51","modified_gmt":"2025-10-14T18:01:51","slug":"slovaquie","status":"publish","type":"page","link":"https:\/\/vadrouilles.xyz\/?page_id=8138","title":{"rendered":"Slovaquie"},"content":{"rendered":"\n<p><strong>Ao\u00fbt 2019 \/ Septembre 2023<\/strong><\/p>\n\n\n\n<p>Ouest (2019) : voir <a href=\"https:\/\/vadrouilles.xyz\/?page_id=21\" data-type=\"page\" data-id=\"21\">Chroniques Europ\u00e9ennes<\/a><\/p>\n\n\n\n<p>Est (2023) : <a href=\"https:\/\/vadrouilles.xyz\/?p=2258\" data-type=\"post\" data-id=\"2258\">V\u00e9los par milliers<\/a> \/ <a href=\"https:\/\/vadrouilles.xyz\/?p=2286\" data-type=\"post\" data-id=\"2286\">Sentinelle de pierre<\/a> \/ <a href=\"https:\/\/vadrouilles.xyz\/?p=2304\" data-type=\"post\" data-id=\"2304\">Bon vieux temps<\/a> \/ <a href=\"https:\/\/vadrouilles.xyz\/?p=2314\" data-type=\"post\" data-id=\"2314\">Quatre ans plus tard (bis)<\/a><\/p>\n\n\n\n<figure class=\"wp-block-gallery has-nested-images columns-2 wp-block-gallery-1 is-layout-flex wp-block-gallery-is-layout-flex\">\n<figure class=\"wp-block-image size-large\"><a href=\"https:\/\/vadrouilles.xyz\/wp-content\/uploads\/2023\/01\/394-scaled.jpg\"><img loading=\"lazy\" decoding=\"async\" width=\"1024\" height=\"768\" data-id=\"301\" src=\"https:\/\/vadrouilles.xyz\/wp-content\/uploads\/2023\/01\/394-1024x768.jpg\" alt=\"\" class=\"wp-image-301\" srcset=\"https:\/\/vadrouilles.xyz\/wp-content\/uploads\/2023\/01\/394-1024x768.jpg 1024w, https:\/\/vadrouilles.xyz\/wp-content\/uploads\/2023\/01\/394-300x225.jpg 300w, https:\/\/vadrouilles.xyz\/wp-content\/uploads\/2023\/01\/394-768x576.jpg 768w, https:\/\/vadrouilles.xyz\/wp-content\/uploads\/2023\/01\/394-1536x1152.jpg 1536w, https:\/\/vadrouilles.xyz\/wp-content\/uploads\/2023\/01\/394-2048x1536.jpg 2048w\" sizes=\"auto, (max-width: 1024px) 100vw, 1024px\" \/><\/a><figcaption class=\"wp-element-caption\">Bratislava &#8211; 11\/08\/19<\/figcaption><\/figure>\n\n\n\n<figure class=\"wp-block-image size-large\"><a href=\"https:\/\/vadrouilles.xyz\/wp-content\/uploads\/2023\/01\/405-scaled.jpg\"><img loading=\"lazy\" decoding=\"async\" width=\"1024\" height=\"768\" data-id=\"303\" src=\"https:\/\/vadrouilles.xyz\/wp-content\/uploads\/2023\/01\/405-1024x768.jpg\" alt=\"\" class=\"wp-image-303\" srcset=\"https:\/\/vadrouilles.xyz\/wp-content\/uploads\/2023\/01\/405-1024x768.jpg 1024w, https:\/\/vadrouilles.xyz\/wp-content\/uploads\/2023\/01\/405-300x225.jpg 300w, https:\/\/vadrouilles.xyz\/wp-content\/uploads\/2023\/01\/405-768x576.jpg 768w, https:\/\/vadrouilles.xyz\/wp-content\/uploads\/2023\/01\/405-1536x1152.jpg 1536w, https:\/\/vadrouilles.xyz\/wp-content\/uploads\/2023\/01\/405-2048x1536.jpg 2048w\" sizes=\"auto, (max-width: 1024px) 100vw, 1024px\" \/><\/a><figcaption class=\"wp-element-caption\">Bratislava &#8211; 12\/08\/19<\/figcaption><\/figure>\n\n\n\n<figure class=\"wp-block-image size-large\"><a href=\"https:\/\/vadrouilles.xyz\/wp-content\/uploads\/2023\/01\/400-scaled.jpg\"><img loading=\"lazy\" decoding=\"async\" width=\"768\" height=\"1024\" data-id=\"302\" src=\"https:\/\/vadrouilles.xyz\/wp-content\/uploads\/2023\/01\/400-768x1024.jpg\" alt=\"\" class=\"wp-image-302\" srcset=\"https:\/\/vadrouilles.xyz\/wp-content\/uploads\/2023\/01\/400-768x1024.jpg 768w, https:\/\/vadrouilles.xyz\/wp-content\/uploads\/2023\/01\/400-225x300.jpg 225w, https:\/\/vadrouilles.xyz\/wp-content\/uploads\/2023\/01\/400-1152x1536.jpg 1152w, https:\/\/vadrouilles.xyz\/wp-content\/uploads\/2023\/01\/400-1536x2048.jpg 1536w, https:\/\/vadrouilles.xyz\/wp-content\/uploads\/2023\/01\/400-scaled.jpg 1920w\" sizes=\"auto, (max-width: 768px) 100vw, 768px\" \/><\/a><figcaption class=\"wp-element-caption\">Bratislava &#8211; 12\/08\/19<\/figcaption><\/figure>\n\n\n\n<figure class=\"wp-block-image size-large\"><a href=\"https:\/\/vadrouilles.xyz\/wp-content\/uploads\/2023\/09\/PXL_20230910_104405003-scaled.jpg\"><img loading=\"lazy\" decoding=\"async\" width=\"771\" height=\"1024\" data-id=\"2265\" src=\"https:\/\/vadrouilles.xyz\/wp-content\/uploads\/2023\/09\/PXL_20230910_104405003-771x1024.jpg\" alt=\"\" class=\"wp-image-2265\" srcset=\"https:\/\/vadrouilles.xyz\/wp-content\/uploads\/2023\/09\/PXL_20230910_104405003-771x1024.jpg 771w, https:\/\/vadrouilles.xyz\/wp-content\/uploads\/2023\/09\/PXL_20230910_104405003-226x300.jpg 226w, https:\/\/vadrouilles.xyz\/wp-content\/uploads\/2023\/09\/PXL_20230910_104405003-768x1020.jpg 768w, https:\/\/vadrouilles.xyz\/wp-content\/uploads\/2023\/09\/PXL_20230910_104405003-1157x1536.jpg 1157w, https:\/\/vadrouilles.xyz\/wp-content\/uploads\/2023\/09\/PXL_20230910_104405003-1542x2048.jpg 1542w, https:\/\/vadrouilles.xyz\/wp-content\/uploads\/2023\/09\/PXL_20230910_104405003-scaled.jpg 1928w\" sizes=\"auto, (max-width: 771px) 100vw, 771px\" \/><\/a><figcaption class=\"wp-element-caption\">Fronti\u00e8re polono-slovaque &#8211; 10\/09\/23<\/figcaption><\/figure>\n\n\n\n<figure class=\"wp-block-image size-large\"><a href=\"https:\/\/vadrouilles.xyz\/wp-content\/uploads\/2023\/09\/PXL_20230910_120603887-scaled.jpg\"><img loading=\"lazy\" decoding=\"async\" width=\"1024\" height=\"771\" data-id=\"2267\" src=\"https:\/\/vadrouilles.xyz\/wp-content\/uploads\/2023\/09\/PXL_20230910_120603887-1024x771.jpg\" alt=\"\" class=\"wp-image-2267\" srcset=\"https:\/\/vadrouilles.xyz\/wp-content\/uploads\/2023\/09\/PXL_20230910_120603887-1024x771.jpg 1024w, https:\/\/vadrouilles.xyz\/wp-content\/uploads\/2023\/09\/PXL_20230910_120603887-300x226.jpg 300w, https:\/\/vadrouilles.xyz\/wp-content\/uploads\/2023\/09\/PXL_20230910_120603887-768x578.jpg 768w, https:\/\/vadrouilles.xyz\/wp-content\/uploads\/2023\/09\/PXL_20230910_120603887-1536x1157.jpg 1536w, https:\/\/vadrouilles.xyz\/wp-content\/uploads\/2023\/09\/PXL_20230910_120603887-2048x1542.jpg 2048w\" sizes=\"auto, (max-width: 1024px) 100vw, 1024px\" \/><\/a><figcaption class=\"wp-element-caption\">St\u00e1ra \u013dubov\u0148a &#8211; 10\/09\/23<\/figcaption><\/figure>\n\n\n\n<figure class=\"wp-block-image size-large\"><a href=\"https:\/\/vadrouilles.xyz\/wp-content\/uploads\/2023\/09\/PXL_20230911_135211408-scaled.jpg\"><img loading=\"lazy\" decoding=\"async\" width=\"1024\" height=\"771\" data-id=\"2292\" src=\"https:\/\/vadrouilles.xyz\/wp-content\/uploads\/2023\/09\/PXL_20230911_135211408-1024x771.jpg\" alt=\"\" class=\"wp-image-2292\" srcset=\"https:\/\/vadrouilles.xyz\/wp-content\/uploads\/2023\/09\/PXL_20230911_135211408-1024x771.jpg 1024w, https:\/\/vadrouilles.xyz\/wp-content\/uploads\/2023\/09\/PXL_20230911_135211408-300x226.jpg 300w, https:\/\/vadrouilles.xyz\/wp-content\/uploads\/2023\/09\/PXL_20230911_135211408-768x578.jpg 768w, https:\/\/vadrouilles.xyz\/wp-content\/uploads\/2023\/09\/PXL_20230911_135211408-1536x1157.jpg 1536w, https:\/\/vadrouilles.xyz\/wp-content\/uploads\/2023\/09\/PXL_20230911_135211408-2048x1542.jpg 2048w\" sizes=\"auto, (max-width: 1024px) 100vw, 1024px\" \/><\/a><figcaption class=\"wp-element-caption\">Spi\u0161sk\u00e9 Podhradie &#8211; 11\/09\/23<\/figcaption><\/figure>\n\n\n\n<figure class=\"wp-block-image size-large\"><a href=\"https:\/\/vadrouilles.xyz\/wp-content\/uploads\/2023\/09\/PXL_20230911_144809846-scaled.jpg\"><img loading=\"lazy\" decoding=\"async\" width=\"771\" height=\"1024\" data-id=\"2296\" src=\"https:\/\/vadrouilles.xyz\/wp-content\/uploads\/2023\/09\/PXL_20230911_144809846-771x1024.jpg\" alt=\"\" class=\"wp-image-2296\" srcset=\"https:\/\/vadrouilles.xyz\/wp-content\/uploads\/2023\/09\/PXL_20230911_144809846-771x1024.jpg 771w, https:\/\/vadrouilles.xyz\/wp-content\/uploads\/2023\/09\/PXL_20230911_144809846-226x300.jpg 226w, https:\/\/vadrouilles.xyz\/wp-content\/uploads\/2023\/09\/PXL_20230911_144809846-768x1020.jpg 768w, https:\/\/vadrouilles.xyz\/wp-content\/uploads\/2023\/09\/PXL_20230911_144809846-1157x1536.jpg 1157w, https:\/\/vadrouilles.xyz\/wp-content\/uploads\/2023\/09\/PXL_20230911_144809846-1542x2048.jpg 1542w, https:\/\/vadrouilles.xyz\/wp-content\/uploads\/2023\/09\/PXL_20230911_144809846-scaled.jpg 1928w\" sizes=\"auto, (max-width: 771px) 100vw, 771px\" \/><\/a><figcaption class=\"wp-element-caption\">Spi\u0161sk\u00e9 Podhradie &#8211; 11\/09\/23<\/figcaption><\/figure>\n\n\n\n<figure class=\"wp-block-image size-large\"><a href=\"https:\/\/vadrouilles.xyz\/wp-content\/uploads\/2023\/09\/PXL_20230913_154440064-scaled.jpg\"><img loading=\"lazy\" decoding=\"async\" width=\"771\" height=\"1024\" data-id=\"2326\" src=\"https:\/\/vadrouilles.xyz\/wp-content\/uploads\/2023\/09\/PXL_20230913_154440064-771x1024.jpg\" alt=\"\" class=\"wp-image-2326\" srcset=\"https:\/\/vadrouilles.xyz\/wp-content\/uploads\/2023\/09\/PXL_20230913_154440064-771x1024.jpg 771w, https:\/\/vadrouilles.xyz\/wp-content\/uploads\/2023\/09\/PXL_20230913_154440064-226x300.jpg 226w, https:\/\/vadrouilles.xyz\/wp-content\/uploads\/2023\/09\/PXL_20230913_154440064-768x1020.jpg 768w, https:\/\/vadrouilles.xyz\/wp-content\/uploads\/2023\/09\/PXL_20230913_154440064-1157x1536.jpg 1157w, https:\/\/vadrouilles.xyz\/wp-content\/uploads\/2023\/09\/PXL_20230913_154440064-1542x2048.jpg 1542w, https:\/\/vadrouilles.xyz\/wp-content\/uploads\/2023\/09\/PXL_20230913_154440064-scaled.jpg 1928w\" sizes=\"auto, (max-width: 771px) 100vw, 771px\" \/><\/a><figcaption class=\"wp-element-caption\">Ko\u0161ice &#8211; 13\/09\/23<\/figcaption><\/figure>\n<\/figure>\n","protected":false},"excerpt":{"rendered":"<p>Ao\u00fbt 2019 \/ Septembre 2023 Ouest (2019) : voir Chroniques Europ\u00e9ennes Est (2023) : V\u00e9los par milliers \/ Sentinelle de pierre \/ Bon vieux temps&hellip;<\/p>\n","protected":false},"author":1,"featured_media":0,"parent":0,"menu_order":0,"comment_status":"closed","ping_status":"closed","template":"","meta":{"footnotes":""},"class_list":["post-8138","page","type-page","status-publish","hentry"],"_links":{"self":[{"href":"https:\/\/vadrouilles.xyz\/index.php?rest_route=\/wp\/v2\/pages\/8138","targetHints":{"allow":["GET"]}}],"collection":[{"href":"https:\/\/vadrouilles.xyz\/index.php?rest_route=\/wp\/v2\/pages"}],"about":[{"href":"https:\/\/vadrouilles.xyz\/index.php?rest_route=\/wp\/v2\/types\/page"}],"author":[{"embeddable":true,"href":"https:\/\/vadrouilles.xyz\/index.php?rest_route=\/wp\/v2\/users\/1"}],"replies":[{"embeddable":true,"href":"https:\/\/vadrouilles.xyz\/index.php?rest_route=%2Fwp%2Fv2%2Fcomments&post=8138"}],"version-history":[{"count":4,"href":"https:\/\/vadrouilles.xyz\/index.php?rest_route=\/wp\/v2\/pages\/8138\/revisions"}],"predecessor-version":[{"id":13605,"href":"https:\/\/vadrouilles.xyz\/index.php?rest_route=\/wp\/v2\/pages\/8138\/revisions\/13605"}],"wp:attachment":[{"href":"https:\/\/vadrouilles.xyz\/index.php?rest_route=%2Fwp%2Fv2%2Fmedia&parent=8138"}],"curies":[{"name":"wp","href":"https:\/\/api.w.org\/{rel}","templated":true}]}}