{"id":52,"date":"2023-01-09T21:38:46","date_gmt":"2023-01-09T21:38:46","guid":{"rendered":"https:\/\/vadrouilles.xyz\/?page_id=52"},"modified":"2023-02-28T22:35:31","modified_gmt":"2023-02-28T21:35:31","slug":"accessibilite","status":"publish","type":"page","link":"https:\/\/vadrouilles.xyz\/?page_id=52","title":{"rendered":"Accessibilit\u00e9"},"content":{"rendered":"\n<h3 class=\"wp-block-heading\">\u00c9tat de conformit\u00e9<\/h3>\n\n\n\n<p>Le site\u00a0https:\/\/vadrouilles.xyz\u00a0n&rsquo;est pas en conformit\u00e9 avec le r\u00e9f\u00e9rentiel g\u00e9n\u00e9ral d&rsquo;am\u00e9lioration de l&rsquo;accessibilit\u00e9 RGAA version 4.1.<\/p>\n\n\n\n<p>L&rsquo;audit de conformit\u00e9 est en attente de r\u00e9alisation.<\/p>\n\n\n\n<h3 class=\"wp-block-heading\">\u00c9tablissement de cette d\u00e9claration d&rsquo;accessibilit\u00e9<\/h3>\n\n\n\n<p>Cette d\u00e9claration a \u00e9t\u00e9 \u00e9tablie le 01\/03\/2023.<\/p>\n\n\n\n<h3 class=\"wp-block-heading\">Retour d&rsquo;informations et contact<\/h3>\n\n\n\n<p>Si vous n&rsquo;arrivez pas \u00e0 acc\u00e9der \u00e0 un contenu ou \u00e0 un service, vous pouvez contacter le responsable du site internet pour \u00eatre orient\u00e9 vers une alternative accessible ou obtenir le contenu sous une autre forme.<\/p>\n\n\n\n<h3 class=\"wp-block-heading\">Voies de recours<\/h3>\n\n\n\n<p>Cette proc\u00e9dure est \u00e0 utiliser dans le cas suivant.<\/p>\n\n\n\n<p>Vous avez signal\u00e9 au responsable du site internet un d\u00e9faut d&rsquo;accessibilit\u00e9 qui vous emp\u00eache d&rsquo;acc\u00e9der \u00e0 un contenu ou \u00e0 un des services du portail et vous n&rsquo;avez pas obtenu de r\u00e9ponse satisfaisante.<\/p>\n\n\n\n<ul class=\"wp-block-list\">\n<li>\u00c9crire un message au D\u00e9fenseur des droits&nbsp;<a href=\"https:\/\/formulaire.defenseurdesdroits.fr\/\" target=\"_blank\" rel=\"noreferrer noopener\">https:\/\/formulaire.defenseurdesdroits.fr<\/a><\/li>\n\n\n\n<li>Contacter le d\u00e9l\u00e9gu\u00e9 du D\u00e9fenseur des droits dans votre r\u00e9gion&nbsp;<a href=\"https:\/\/www.defenseurdesdroits.fr\/saisir\/delegues\" target=\"_blank\" rel=\"noreferrer noopener\">https:\/\/www.defenseurdesdroits.fr\/saisir\/delegues<\/a><\/li>\n\n\n\n<li>Envoyer un courrier par la poste (gratuit, ne pas mettre de timbre) :<br><em>D\u00e9fenseur des droits<br>Libre r\u00e9ponse 71120<br>75342 Paris CEDEX 07<\/em><\/li>\n<\/ul>\n","protected":false},"excerpt":{"rendered":"<p>\u00c9tat de conformit\u00e9 Le site\u00a0https:\/\/vadrouilles.xyz\u00a0n&rsquo;est pas en conformit\u00e9 avec le r\u00e9f\u00e9rentiel g\u00e9n\u00e9ral d&rsquo;am\u00e9lioration de l&rsquo;accessibilit\u00e9 RGAA version 4.1. L&rsquo;audit de conformit\u00e9 est en attente de&hellip;<\/p>\n","protected":false},"author":1,"featured_media":0,"parent":0,"menu_order":0,"comment_status":"closed","ping_status":"closed","template":"","meta":{"footnotes":""},"class_list":["post-52","page","type-page","status-publish","hentry"],"_links":{"self":[{"href":"https:\/\/vadrouilles.xyz\/index.php?rest_route=\/wp\/v2\/pages\/52","targetHints":{"allow":["GET"]}}],"collection":[{"href":"https:\/\/vadrouilles.xyz\/index.php?rest_route=\/wp\/v2\/pages"}],"about":[{"href":"https:\/\/vadrouilles.xyz\/index.php?rest_route=\/wp\/v2\/types\/page"}],"author":[{"embeddable":true,"href":"https:\/\/vadrouilles.xyz\/index.php?rest_route=\/wp\/v2\/users\/1"}],"replies":[{"embeddable":true,"href":"https:\/\/vadrouilles.xyz\/index.php?rest_route=%2Fwp%2Fv2%2Fcomments&post=52"}],"version-history":[{"count":2,"href":"https:\/\/vadrouilles.xyz\/index.php?rest_route=\/wp\/v2\/pages\/52\/revisions"}],"predecessor-version":[{"id":379,"href":"https:\/\/vadrouilles.xyz\/index.php?rest_route=\/wp\/v2\/pages\/52\/revisions\/379"}],"wp:attachment":[{"href":"https:\/\/vadrouilles.xyz\/index.php?rest_route=%2Fwp%2Fv2%2Fmedia&parent=52"}],"curies":[{"name":"wp","href":"https:\/\/api.w.org\/{rel}","templated":true}]}}