{"id":13726,"date":"2025-10-18T17:56:31","date_gmt":"2025-10-18T16:56:31","guid":{"rendered":"https:\/\/vadrouilles.xyz\/?page_id=13726"},"modified":"2025-10-18T18:17:46","modified_gmt":"2025-10-18T17:17:46","slug":"maurice","status":"publish","type":"page","link":"https:\/\/vadrouilles.xyz\/?page_id=13726","title":{"rendered":"Maurice"},"content":{"rendered":"\n<p><strong>De juillet 2009 \u00e0 juillet 2010<\/strong><\/p>\n\n\n\n<p>Une ann\u00e9e de V.I.E. (Volontariat International d&rsquo;Entreprise) \u00e0 Flic-en-Flac.<\/p>\n\n\n\n<figure class=\"wp-block-gallery has-nested-images columns-2 wp-block-gallery-1 is-layout-flex wp-block-gallery-is-layout-flex\">\n<figure class=\"wp-block-image size-large\"><a href=\"https:\/\/vadrouilles.xyz\/wp-content\/uploads\/2025\/10\/2-scaled.jpg\"><img loading=\"lazy\" decoding=\"async\" width=\"1024\" height=\"768\" data-id=\"13699\" src=\"https:\/\/vadrouilles.xyz\/wp-content\/uploads\/2025\/10\/2-1024x768.jpg\" alt=\"\" class=\"wp-image-13699\" srcset=\"https:\/\/vadrouilles.xyz\/wp-content\/uploads\/2025\/10\/2-1024x768.jpg 1024w, https:\/\/vadrouilles.xyz\/wp-content\/uploads\/2025\/10\/2-300x225.jpg 300w, https:\/\/vadrouilles.xyz\/wp-content\/uploads\/2025\/10\/2-768x576.jpg 768w, https:\/\/vadrouilles.xyz\/wp-content\/uploads\/2025\/10\/2-1536x1152.jpg 1536w, https:\/\/vadrouilles.xyz\/wp-content\/uploads\/2025\/10\/2-2048x1536.jpg 2048w\" sizes=\"auto, (max-width: 1024px) 100vw, 1024px\" \/><\/a><\/figure>\n\n\n\n<figure class=\"wp-block-image size-large\"><a href=\"https:\/\/vadrouilles.xyz\/wp-content\/uploads\/2025\/10\/6-scaled.jpg\"><img loading=\"lazy\" decoding=\"async\" width=\"1024\" height=\"768\" data-id=\"13700\" src=\"https:\/\/vadrouilles.xyz\/wp-content\/uploads\/2025\/10\/6-1024x768.jpg\" alt=\"\" class=\"wp-image-13700\" srcset=\"https:\/\/vadrouilles.xyz\/wp-content\/uploads\/2025\/10\/6-1024x768.jpg 1024w, https:\/\/vadrouilles.xyz\/wp-content\/uploads\/2025\/10\/6-300x225.jpg 300w, https:\/\/vadrouilles.xyz\/wp-content\/uploads\/2025\/10\/6-768x576.jpg 768w, https:\/\/vadrouilles.xyz\/wp-content\/uploads\/2025\/10\/6-1536x1152.jpg 1536w, https:\/\/vadrouilles.xyz\/wp-content\/uploads\/2025\/10\/6-2048x1536.jpg 2048w\" sizes=\"auto, (max-width: 1024px) 100vw, 1024px\" \/><\/a><\/figure>\n\n\n\n<figure class=\"wp-block-image size-large\"><a href=\"https:\/\/vadrouilles.xyz\/wp-content\/uploads\/2025\/10\/11-scaled.jpg\"><img loading=\"lazy\" decoding=\"async\" width=\"1024\" height=\"768\" data-id=\"13701\" src=\"https:\/\/vadrouilles.xyz\/wp-content\/uploads\/2025\/10\/11-1024x768.jpg\" alt=\"\" class=\"wp-image-13701\" srcset=\"https:\/\/vadrouilles.xyz\/wp-content\/uploads\/2025\/10\/11-1024x768.jpg 1024w, https:\/\/vadrouilles.xyz\/wp-content\/uploads\/2025\/10\/11-300x225.jpg 300w, https:\/\/vadrouilles.xyz\/wp-content\/uploads\/2025\/10\/11-768x576.jpg 768w, https:\/\/vadrouilles.xyz\/wp-content\/uploads\/2025\/10\/11-1536x1152.jpg 1536w, https:\/\/vadrouilles.xyz\/wp-content\/uploads\/2025\/10\/11-2048x1536.jpg 2048w\" sizes=\"auto, (max-width: 1024px) 100vw, 1024px\" \/><\/a><\/figure>\n\n\n\n<figure class=\"wp-block-image size-large\"><a href=\"https:\/\/vadrouilles.xyz\/wp-content\/uploads\/2025\/10\/14.jpg\"><img loading=\"lazy\" decoding=\"async\" width=\"1024\" height=\"768\" data-id=\"13702\" src=\"https:\/\/vadrouilles.xyz\/wp-content\/uploads\/2025\/10\/14-1024x768.jpg\" alt=\"\" class=\"wp-image-13702\" srcset=\"https:\/\/vadrouilles.xyz\/wp-content\/uploads\/2025\/10\/14-1024x768.jpg 1024w, https:\/\/vadrouilles.xyz\/wp-content\/uploads\/2025\/10\/14-300x225.jpg 300w, https:\/\/vadrouilles.xyz\/wp-content\/uploads\/2025\/10\/14-768x576.jpg 768w, https:\/\/vadrouilles.xyz\/wp-content\/uploads\/2025\/10\/14-1536x1152.jpg 1536w, https:\/\/vadrouilles.xyz\/wp-content\/uploads\/2025\/10\/14.jpg 1600w\" sizes=\"auto, (max-width: 1024px) 100vw, 1024px\" \/><\/a><\/figure>\n\n\n\n<figure class=\"wp-block-image size-large\"><a href=\"https:\/\/vadrouilles.xyz\/wp-content\/uploads\/2025\/10\/24-scaled.jpg\"><img loading=\"lazy\" decoding=\"async\" width=\"1024\" height=\"768\" data-id=\"13703\" src=\"https:\/\/vadrouilles.xyz\/wp-content\/uploads\/2025\/10\/24-1024x768.jpg\" alt=\"\" class=\"wp-image-13703\" srcset=\"https:\/\/vadrouilles.xyz\/wp-content\/uploads\/2025\/10\/24-1024x768.jpg 1024w, https:\/\/vadrouilles.xyz\/wp-content\/uploads\/2025\/10\/24-300x225.jpg 300w, https:\/\/vadrouilles.xyz\/wp-content\/uploads\/2025\/10\/24-768x576.jpg 768w, https:\/\/vadrouilles.xyz\/wp-content\/uploads\/2025\/10\/24-1536x1152.jpg 1536w, https:\/\/vadrouilles.xyz\/wp-content\/uploads\/2025\/10\/24-2048x1536.jpg 2048w\" sizes=\"auto, (max-width: 1024px) 100vw, 1024px\" \/><\/a><\/figure>\n\n\n\n<figure class=\"wp-block-image size-large\"><a href=\"https:\/\/vadrouilles.xyz\/wp-content\/uploads\/2025\/10\/26-scaled.jpg\"><img loading=\"lazy\" decoding=\"async\" width=\"1024\" height=\"768\" data-id=\"13704\" src=\"https:\/\/vadrouilles.xyz\/wp-content\/uploads\/2025\/10\/26-1024x768.jpg\" alt=\"\" class=\"wp-image-13704\" srcset=\"https:\/\/vadrouilles.xyz\/wp-content\/uploads\/2025\/10\/26-1024x768.jpg 1024w, https:\/\/vadrouilles.xyz\/wp-content\/uploads\/2025\/10\/26-300x225.jpg 300w, https:\/\/vadrouilles.xyz\/wp-content\/uploads\/2025\/10\/26-768x576.jpg 768w, https:\/\/vadrouilles.xyz\/wp-content\/uploads\/2025\/10\/26-1536x1152.jpg 1536w, https:\/\/vadrouilles.xyz\/wp-content\/uploads\/2025\/10\/26-2048x1536.jpg 2048w\" sizes=\"auto, (max-width: 1024px) 100vw, 1024px\" \/><\/a><\/figure>\n\n\n\n<figure class=\"wp-block-image size-large\"><a href=\"https:\/\/vadrouilles.xyz\/wp-content\/uploads\/2025\/10\/31-scaled.jpg\"><img loading=\"lazy\" decoding=\"async\" width=\"1024\" height=\"768\" data-id=\"13705\" src=\"https:\/\/vadrouilles.xyz\/wp-content\/uploads\/2025\/10\/31-1024x768.jpg\" alt=\"\" class=\"wp-image-13705\" srcset=\"https:\/\/vadrouilles.xyz\/wp-content\/uploads\/2025\/10\/31-1024x768.jpg 1024w, https:\/\/vadrouilles.xyz\/wp-content\/uploads\/2025\/10\/31-300x225.jpg 300w, https:\/\/vadrouilles.xyz\/wp-content\/uploads\/2025\/10\/31-768x576.jpg 768w, https:\/\/vadrouilles.xyz\/wp-content\/uploads\/2025\/10\/31-1536x1152.jpg 1536w, https:\/\/vadrouilles.xyz\/wp-content\/uploads\/2025\/10\/31-2048x1536.jpg 2048w\" sizes=\"auto, (max-width: 1024px) 100vw, 1024px\" \/><\/a><\/figure>\n\n\n\n<figure class=\"wp-block-image size-large\"><a href=\"https:\/\/vadrouilles.xyz\/wp-content\/uploads\/2025\/10\/37-scaled.jpg\"><img loading=\"lazy\" decoding=\"async\" width=\"1024\" height=\"768\" data-id=\"13706\" src=\"https:\/\/vadrouilles.xyz\/wp-content\/uploads\/2025\/10\/37-1024x768.jpg\" alt=\"\" class=\"wp-image-13706\" srcset=\"https:\/\/vadrouilles.xyz\/wp-content\/uploads\/2025\/10\/37-1024x768.jpg 1024w, https:\/\/vadrouilles.xyz\/wp-content\/uploads\/2025\/10\/37-300x225.jpg 300w, https:\/\/vadrouilles.xyz\/wp-content\/uploads\/2025\/10\/37-768x576.jpg 768w, https:\/\/vadrouilles.xyz\/wp-content\/uploads\/2025\/10\/37-1536x1152.jpg 1536w, https:\/\/vadrouilles.xyz\/wp-content\/uploads\/2025\/10\/37-2048x1536.jpg 2048w\" sizes=\"auto, (max-width: 1024px) 100vw, 1024px\" \/><\/a><\/figure>\n\n\n\n<figure class=\"wp-block-image size-large\"><a href=\"https:\/\/vadrouilles.xyz\/wp-content\/uploads\/2025\/10\/43-scaled.jpg\"><img loading=\"lazy\" decoding=\"async\" width=\"1024\" height=\"768\" data-id=\"13707\" src=\"https:\/\/vadrouilles.xyz\/wp-content\/uploads\/2025\/10\/43-1024x768.jpg\" alt=\"\" class=\"wp-image-13707\" srcset=\"https:\/\/vadrouilles.xyz\/wp-content\/uploads\/2025\/10\/43-1024x768.jpg 1024w, https:\/\/vadrouilles.xyz\/wp-content\/uploads\/2025\/10\/43-300x225.jpg 300w, https:\/\/vadrouilles.xyz\/wp-content\/uploads\/2025\/10\/43-768x576.jpg 768w, https:\/\/vadrouilles.xyz\/wp-content\/uploads\/2025\/10\/43-1536x1152.jpg 1536w, https:\/\/vadrouilles.xyz\/wp-content\/uploads\/2025\/10\/43-2048x1536.jpg 2048w\" sizes=\"auto, (max-width: 1024px) 100vw, 1024px\" \/><\/a><\/figure>\n\n\n\n<figure class=\"wp-block-image size-large\"><a href=\"https:\/\/vadrouilles.xyz\/wp-content\/uploads\/2025\/10\/49-scaled.jpg\"><img loading=\"lazy\" decoding=\"async\" width=\"1024\" height=\"768\" data-id=\"13708\" src=\"https:\/\/vadrouilles.xyz\/wp-content\/uploads\/2025\/10\/49-1024x768.jpg\" alt=\"\" class=\"wp-image-13708\" srcset=\"https:\/\/vadrouilles.xyz\/wp-content\/uploads\/2025\/10\/49-1024x768.jpg 1024w, https:\/\/vadrouilles.xyz\/wp-content\/uploads\/2025\/10\/49-300x225.jpg 300w, https:\/\/vadrouilles.xyz\/wp-content\/uploads\/2025\/10\/49-768x576.jpg 768w, https:\/\/vadrouilles.xyz\/wp-content\/uploads\/2025\/10\/49-1536x1152.jpg 1536w, https:\/\/vadrouilles.xyz\/wp-content\/uploads\/2025\/10\/49-2048x1536.jpg 2048w\" sizes=\"auto, (max-width: 1024px) 100vw, 1024px\" \/><\/a><\/figure>\n\n\n\n<figure class=\"wp-block-image size-large\"><a href=\"https:\/\/vadrouilles.xyz\/wp-content\/uploads\/2025\/10\/57.jpg\"><img loading=\"lazy\" decoding=\"async\" width=\"768\" height=\"1024\" data-id=\"13710\" src=\"https:\/\/vadrouilles.xyz\/wp-content\/uploads\/2025\/10\/57.jpg\" alt=\"\" class=\"wp-image-13710\" srcset=\"https:\/\/vadrouilles.xyz\/wp-content\/uploads\/2025\/10\/57.jpg 768w, https:\/\/vadrouilles.xyz\/wp-content\/uploads\/2025\/10\/57-225x300.jpg 225w\" sizes=\"auto, (max-width: 768px) 100vw, 768px\" \/><\/a><\/figure>\n\n\n\n<figure class=\"wp-block-image size-large\"><a href=\"https:\/\/vadrouilles.xyz\/wp-content\/uploads\/2025\/10\/60.jpg\"><img loading=\"lazy\" decoding=\"async\" width=\"768\" height=\"1024\" data-id=\"13711\" src=\"https:\/\/vadrouilles.xyz\/wp-content\/uploads\/2025\/10\/60.jpg\" alt=\"\" class=\"wp-image-13711\" srcset=\"https:\/\/vadrouilles.xyz\/wp-content\/uploads\/2025\/10\/60.jpg 768w, https:\/\/vadrouilles.xyz\/wp-content\/uploads\/2025\/10\/60-225x300.jpg 225w\" sizes=\"auto, (max-width: 768px) 100vw, 768px\" \/><\/a><\/figure>\n\n\n\n<figure class=\"wp-block-image size-large\"><a href=\"https:\/\/vadrouilles.xyz\/wp-content\/uploads\/2025\/10\/53-scaled.jpg\"><img loading=\"lazy\" decoding=\"async\" width=\"1024\" height=\"768\" data-id=\"13709\" src=\"https:\/\/vadrouilles.xyz\/wp-content\/uploads\/2025\/10\/53-1024x768.jpg\" alt=\"\" class=\"wp-image-13709\" srcset=\"https:\/\/vadrouilles.xyz\/wp-content\/uploads\/2025\/10\/53-1024x768.jpg 1024w, https:\/\/vadrouilles.xyz\/wp-content\/uploads\/2025\/10\/53-300x225.jpg 300w, https:\/\/vadrouilles.xyz\/wp-content\/uploads\/2025\/10\/53-768x576.jpg 768w, https:\/\/vadrouilles.xyz\/wp-content\/uploads\/2025\/10\/53-1536x1152.jpg 1536w, https:\/\/vadrouilles.xyz\/wp-content\/uploads\/2025\/10\/53-2048x1536.jpg 2048w\" sizes=\"auto, (max-width: 1024px) 100vw, 1024px\" \/><\/a><\/figure>\n\n\n\n<figure class=\"wp-block-image size-large\"><a href=\"https:\/\/vadrouilles.xyz\/wp-content\/uploads\/2025\/10\/70-scaled.jpg\"><img loading=\"lazy\" decoding=\"async\" width=\"1024\" height=\"768\" data-id=\"13712\" src=\"https:\/\/vadrouilles.xyz\/wp-content\/uploads\/2025\/10\/70-1024x768.jpg\" alt=\"\" class=\"wp-image-13712\" srcset=\"https:\/\/vadrouilles.xyz\/wp-content\/uploads\/2025\/10\/70-1024x768.jpg 1024w, https:\/\/vadrouilles.xyz\/wp-content\/uploads\/2025\/10\/70-300x225.jpg 300w, https:\/\/vadrouilles.xyz\/wp-content\/uploads\/2025\/10\/70-768x576.jpg 768w, https:\/\/vadrouilles.xyz\/wp-content\/uploads\/2025\/10\/70-1536x1152.jpg 1536w, https:\/\/vadrouilles.xyz\/wp-content\/uploads\/2025\/10\/70-2048x1536.jpg 2048w\" sizes=\"auto, (max-width: 1024px) 100vw, 1024px\" \/><\/a><\/figure>\n\n\n\n<figure class=\"wp-block-image size-large\"><a href=\"https:\/\/vadrouilles.xyz\/wp-content\/uploads\/2025\/10\/75-scaled.jpg\"><img loading=\"lazy\" decoding=\"async\" width=\"1024\" height=\"768\" data-id=\"13713\" src=\"https:\/\/vadrouilles.xyz\/wp-content\/uploads\/2025\/10\/75-1024x768.jpg\" alt=\"\" class=\"wp-image-13713\" srcset=\"https:\/\/vadrouilles.xyz\/wp-content\/uploads\/2025\/10\/75-1024x768.jpg 1024w, https:\/\/vadrouilles.xyz\/wp-content\/uploads\/2025\/10\/75-300x225.jpg 300w, https:\/\/vadrouilles.xyz\/wp-content\/uploads\/2025\/10\/75-768x576.jpg 768w, https:\/\/vadrouilles.xyz\/wp-content\/uploads\/2025\/10\/75-1536x1152.jpg 1536w, https:\/\/vadrouilles.xyz\/wp-content\/uploads\/2025\/10\/75-2048x1536.jpg 2048w\" sizes=\"auto, (max-width: 1024px) 100vw, 1024px\" \/><\/a><\/figure>\n\n\n\n<figure class=\"wp-block-image size-large\"><a href=\"https:\/\/vadrouilles.xyz\/wp-content\/uploads\/2025\/10\/84-scaled.jpg\"><img loading=\"lazy\" decoding=\"async\" width=\"1024\" height=\"768\" data-id=\"13714\" src=\"https:\/\/vadrouilles.xyz\/wp-content\/uploads\/2025\/10\/84-1024x768.jpg\" alt=\"\" class=\"wp-image-13714\" srcset=\"https:\/\/vadrouilles.xyz\/wp-content\/uploads\/2025\/10\/84-1024x768.jpg 1024w, https:\/\/vadrouilles.xyz\/wp-content\/uploads\/2025\/10\/84-300x225.jpg 300w, https:\/\/vadrouilles.xyz\/wp-content\/uploads\/2025\/10\/84-768x576.jpg 768w, https:\/\/vadrouilles.xyz\/wp-content\/uploads\/2025\/10\/84-1536x1152.jpg 1536w, https:\/\/vadrouilles.xyz\/wp-content\/uploads\/2025\/10\/84-2048x1536.jpg 2048w\" sizes=\"auto, (max-width: 1024px) 100vw, 1024px\" \/><\/a><\/figure>\n\n\n\n<figure class=\"wp-block-image size-large\"><a href=\"https:\/\/vadrouilles.xyz\/wp-content\/uploads\/2025\/10\/85-scaled.jpg\"><img loading=\"lazy\" decoding=\"async\" width=\"1024\" height=\"768\" data-id=\"13715\" src=\"https:\/\/vadrouilles.xyz\/wp-content\/uploads\/2025\/10\/85-1024x768.jpg\" alt=\"\" class=\"wp-image-13715\" srcset=\"https:\/\/vadrouilles.xyz\/wp-content\/uploads\/2025\/10\/85-1024x768.jpg 1024w, https:\/\/vadrouilles.xyz\/wp-content\/uploads\/2025\/10\/85-300x225.jpg 300w, https:\/\/vadrouilles.xyz\/wp-content\/uploads\/2025\/10\/85-768x576.jpg 768w, https:\/\/vadrouilles.xyz\/wp-content\/uploads\/2025\/10\/85-1536x1152.jpg 1536w, https:\/\/vadrouilles.xyz\/wp-content\/uploads\/2025\/10\/85-2048x1536.jpg 2048w\" sizes=\"auto, (max-width: 1024px) 100vw, 1024px\" \/><\/a><\/figure>\n\n\n\n<figure class=\"wp-block-image size-large\"><a href=\"https:\/\/vadrouilles.xyz\/wp-content\/uploads\/2025\/10\/93-scaled.jpg\"><img loading=\"lazy\" decoding=\"async\" width=\"1024\" height=\"768\" data-id=\"13716\" src=\"https:\/\/vadrouilles.xyz\/wp-content\/uploads\/2025\/10\/93-1024x768.jpg\" alt=\"\" class=\"wp-image-13716\" srcset=\"https:\/\/vadrouilles.xyz\/wp-content\/uploads\/2025\/10\/93-1024x768.jpg 1024w, https:\/\/vadrouilles.xyz\/wp-content\/uploads\/2025\/10\/93-300x225.jpg 300w, https:\/\/vadrouilles.xyz\/wp-content\/uploads\/2025\/10\/93-768x576.jpg 768w, https:\/\/vadrouilles.xyz\/wp-content\/uploads\/2025\/10\/93-1536x1152.jpg 1536w, https:\/\/vadrouilles.xyz\/wp-content\/uploads\/2025\/10\/93-2048x1536.jpg 2048w\" sizes=\"auto, (max-width: 1024px) 100vw, 1024px\" \/><\/a><\/figure>\n\n\n\n<figure class=\"wp-block-image size-large\"><a href=\"https:\/\/vadrouilles.xyz\/wp-content\/uploads\/2025\/10\/94-scaled.jpg\"><img loading=\"lazy\" decoding=\"async\" width=\"1024\" height=\"768\" data-id=\"13717\" src=\"https:\/\/vadrouilles.xyz\/wp-content\/uploads\/2025\/10\/94-1024x768.jpg\" alt=\"\" class=\"wp-image-13717\" srcset=\"https:\/\/vadrouilles.xyz\/wp-content\/uploads\/2025\/10\/94-1024x768.jpg 1024w, https:\/\/vadrouilles.xyz\/wp-content\/uploads\/2025\/10\/94-300x225.jpg 300w, https:\/\/vadrouilles.xyz\/wp-content\/uploads\/2025\/10\/94-768x576.jpg 768w, https:\/\/vadrouilles.xyz\/wp-content\/uploads\/2025\/10\/94-1536x1152.jpg 1536w, https:\/\/vadrouilles.xyz\/wp-content\/uploads\/2025\/10\/94-2048x1536.jpg 2048w\" sizes=\"auto, (max-width: 1024px) 100vw, 1024px\" \/><\/a><\/figure>\n\n\n\n<figure class=\"wp-block-image size-large\"><a href=\"https:\/\/vadrouilles.xyz\/wp-content\/uploads\/2025\/10\/95-scaled.jpg\"><img loading=\"lazy\" decoding=\"async\" width=\"1024\" height=\"768\" data-id=\"13718\" src=\"https:\/\/vadrouilles.xyz\/wp-content\/uploads\/2025\/10\/95-1024x768.jpg\" alt=\"\" class=\"wp-image-13718\" srcset=\"https:\/\/vadrouilles.xyz\/wp-content\/uploads\/2025\/10\/95-1024x768.jpg 1024w, https:\/\/vadrouilles.xyz\/wp-content\/uploads\/2025\/10\/95-300x225.jpg 300w, https:\/\/vadrouilles.xyz\/wp-content\/uploads\/2025\/10\/95-768x576.jpg 768w, https:\/\/vadrouilles.xyz\/wp-content\/uploads\/2025\/10\/95-1536x1152.jpg 1536w, https:\/\/vadrouilles.xyz\/wp-content\/uploads\/2025\/10\/95-2048x1536.jpg 2048w\" sizes=\"auto, (max-width: 1024px) 100vw, 1024px\" \/><\/a><\/figure>\n\n\n\n<figure class=\"wp-block-image size-large\"><a href=\"https:\/\/vadrouilles.xyz\/wp-content\/uploads\/2025\/10\/103-scaled.jpg\"><img loading=\"lazy\" decoding=\"async\" width=\"1024\" height=\"768\" data-id=\"13719\" src=\"https:\/\/vadrouilles.xyz\/wp-content\/uploads\/2025\/10\/103-1024x768.jpg\" alt=\"\" class=\"wp-image-13719\" srcset=\"https:\/\/vadrouilles.xyz\/wp-content\/uploads\/2025\/10\/103-1024x768.jpg 1024w, https:\/\/vadrouilles.xyz\/wp-content\/uploads\/2025\/10\/103-300x225.jpg 300w, https:\/\/vadrouilles.xyz\/wp-content\/uploads\/2025\/10\/103-768x576.jpg 768w, https:\/\/vadrouilles.xyz\/wp-content\/uploads\/2025\/10\/103-1536x1152.jpg 1536w, https:\/\/vadrouilles.xyz\/wp-content\/uploads\/2025\/10\/103-2048x1536.jpg 2048w\" sizes=\"auto, (max-width: 1024px) 100vw, 1024px\" \/><\/a><\/figure>\n\n\n\n<figure class=\"wp-block-image size-large\"><a href=\"https:\/\/vadrouilles.xyz\/wp-content\/uploads\/2025\/10\/104-scaled.jpg\"><img loading=\"lazy\" decoding=\"async\" width=\"1024\" height=\"768\" data-id=\"13720\" src=\"https:\/\/vadrouilles.xyz\/wp-content\/uploads\/2025\/10\/104-1024x768.jpg\" alt=\"\" class=\"wp-image-13720\" srcset=\"https:\/\/vadrouilles.xyz\/wp-content\/uploads\/2025\/10\/104-1024x768.jpg 1024w, https:\/\/vadrouilles.xyz\/wp-content\/uploads\/2025\/10\/104-300x225.jpg 300w, https:\/\/vadrouilles.xyz\/wp-content\/uploads\/2025\/10\/104-768x576.jpg 768w, https:\/\/vadrouilles.xyz\/wp-content\/uploads\/2025\/10\/104-1536x1152.jpg 1536w, https:\/\/vadrouilles.xyz\/wp-content\/uploads\/2025\/10\/104-2048x1536.jpg 2048w\" sizes=\"auto, (max-width: 1024px) 100vw, 1024px\" \/><\/a><\/figure>\n\n\n\n<figure class=\"wp-block-image size-large\"><a href=\"https:\/\/vadrouilles.xyz\/wp-content\/uploads\/2025\/10\/110-scaled.jpg\"><img loading=\"lazy\" decoding=\"async\" width=\"1024\" height=\"768\" data-id=\"13721\" src=\"https:\/\/vadrouilles.xyz\/wp-content\/uploads\/2025\/10\/110-1024x768.jpg\" alt=\"\" class=\"wp-image-13721\" srcset=\"https:\/\/vadrouilles.xyz\/wp-content\/uploads\/2025\/10\/110-1024x768.jpg 1024w, https:\/\/vadrouilles.xyz\/wp-content\/uploads\/2025\/10\/110-300x225.jpg 300w, https:\/\/vadrouilles.xyz\/wp-content\/uploads\/2025\/10\/110-768x576.jpg 768w, https:\/\/vadrouilles.xyz\/wp-content\/uploads\/2025\/10\/110-1536x1152.jpg 1536w, https:\/\/vadrouilles.xyz\/wp-content\/uploads\/2025\/10\/110-2048x1536.jpg 2048w\" sizes=\"auto, (max-width: 1024px) 100vw, 1024px\" \/><\/a><\/figure>\n\n\n\n<figure class=\"wp-block-image size-large\"><a href=\"https:\/\/vadrouilles.xyz\/wp-content\/uploads\/2025\/10\/112-scaled.jpg\"><img loading=\"lazy\" decoding=\"async\" width=\"1024\" height=\"768\" data-id=\"13722\" src=\"https:\/\/vadrouilles.xyz\/wp-content\/uploads\/2025\/10\/112-1024x768.jpg\" alt=\"\" class=\"wp-image-13722\" srcset=\"https:\/\/vadrouilles.xyz\/wp-content\/uploads\/2025\/10\/112-1024x768.jpg 1024w, https:\/\/vadrouilles.xyz\/wp-content\/uploads\/2025\/10\/112-300x225.jpg 300w, https:\/\/vadrouilles.xyz\/wp-content\/uploads\/2025\/10\/112-768x576.jpg 768w, https:\/\/vadrouilles.xyz\/wp-content\/uploads\/2025\/10\/112-1536x1152.jpg 1536w, https:\/\/vadrouilles.xyz\/wp-content\/uploads\/2025\/10\/112-2048x1536.jpg 2048w\" sizes=\"auto, (max-width: 1024px) 100vw, 1024px\" \/><\/a><\/figure>\n\n\n\n<figure class=\"wp-block-image size-large\"><a href=\"https:\/\/vadrouilles.xyz\/wp-content\/uploads\/2025\/10\/121-scaled.jpg\"><img loading=\"lazy\" decoding=\"async\" width=\"1024\" height=\"768\" data-id=\"13723\" src=\"https:\/\/vadrouilles.xyz\/wp-content\/uploads\/2025\/10\/121-1024x768.jpg\" alt=\"\" class=\"wp-image-13723\" srcset=\"https:\/\/vadrouilles.xyz\/wp-content\/uploads\/2025\/10\/121-1024x768.jpg 1024w, https:\/\/vadrouilles.xyz\/wp-content\/uploads\/2025\/10\/121-300x225.jpg 300w, https:\/\/vadrouilles.xyz\/wp-content\/uploads\/2025\/10\/121-768x576.jpg 768w, https:\/\/vadrouilles.xyz\/wp-content\/uploads\/2025\/10\/121-1536x1152.jpg 1536w, https:\/\/vadrouilles.xyz\/wp-content\/uploads\/2025\/10\/121-2048x1536.jpg 2048w\" sizes=\"auto, (max-width: 1024px) 100vw, 1024px\" \/><\/a><\/figure>\n\n\n\n<figure class=\"wp-block-image size-large\"><a href=\"https:\/\/vadrouilles.xyz\/wp-content\/uploads\/2025\/10\/151-scaled.jpg\"><img loading=\"lazy\" decoding=\"async\" width=\"1024\" height=\"768\" data-id=\"13724\" src=\"https:\/\/vadrouilles.xyz\/wp-content\/uploads\/2025\/10\/151-1024x768.jpg\" alt=\"\" class=\"wp-image-13724\" srcset=\"https:\/\/vadrouilles.xyz\/wp-content\/uploads\/2025\/10\/151-1024x768.jpg 1024w, https:\/\/vadrouilles.xyz\/wp-content\/uploads\/2025\/10\/151-300x225.jpg 300w, https:\/\/vadrouilles.xyz\/wp-content\/uploads\/2025\/10\/151-768x576.jpg 768w, https:\/\/vadrouilles.xyz\/wp-content\/uploads\/2025\/10\/151-1536x1152.jpg 1536w, https:\/\/vadrouilles.xyz\/wp-content\/uploads\/2025\/10\/151-2048x1536.jpg 2048w\" sizes=\"auto, (max-width: 1024px) 100vw, 1024px\" \/><\/a><\/figure>\n\n\n\n<figure class=\"wp-block-image size-large\"><a href=\"https:\/\/vadrouilles.xyz\/wp-content\/uploads\/2025\/10\/176-scaled.jpg\"><img loading=\"lazy\" decoding=\"async\" width=\"1024\" height=\"768\" data-id=\"13725\" src=\"https:\/\/vadrouilles.xyz\/wp-content\/uploads\/2025\/10\/176-1024x768.jpg\" alt=\"\" class=\"wp-image-13725\" srcset=\"https:\/\/vadrouilles.xyz\/wp-content\/uploads\/2025\/10\/176-1024x768.jpg 1024w, https:\/\/vadrouilles.xyz\/wp-content\/uploads\/2025\/10\/176-300x225.jpg 300w, https:\/\/vadrouilles.xyz\/wp-content\/uploads\/2025\/10\/176-768x576.jpg 768w, https:\/\/vadrouilles.xyz\/wp-content\/uploads\/2025\/10\/176-1536x1152.jpg 1536w, https:\/\/vadrouilles.xyz\/wp-content\/uploads\/2025\/10\/176-2048x1536.jpg 2048w\" sizes=\"auto, (max-width: 1024px) 100vw, 1024px\" \/><\/a><\/figure>\n<\/figure>\n","protected":false},"excerpt":{"rendered":"<p>De juillet 2009 \u00e0 juillet 2010 Une ann\u00e9e de V.I.E. (Volontariat International d&rsquo;Entreprise) \u00e0 Flic-en-Flac.<\/p>\n","protected":false},"author":1,"featured_media":0,"parent":0,"menu_order":0,"comment_status":"closed","ping_status":"closed","template":"","meta":{"footnotes":""},"class_list":["post-13726","page","type-page","status-publish","hentry"],"_links":{"self":[{"href":"https:\/\/vadrouilles.xyz\/index.php?rest_route=\/wp\/v2\/pages\/13726","targetHints":{"allow":["GET"]}}],"collection":[{"href":"https:\/\/vadrouilles.xyz\/index.php?rest_route=\/wp\/v2\/pages"}],"about":[{"href":"https:\/\/vadrouilles.xyz\/index.php?rest_route=\/wp\/v2\/types\/page"}],"author":[{"embeddable":true,"href":"https:\/\/vadrouilles.xyz\/index.php?rest_route=\/wp\/v2\/users\/1"}],"replies":[{"embeddable":true,"href":"https:\/\/vadrouilles.xyz\/index.php?rest_route=%2Fwp%2Fv2%2Fcomments&post=13726"}],"version-history":[{"count":2,"href":"https:\/\/vadrouilles.xyz\/index.php?rest_route=\/wp\/v2\/pages\/13726\/revisions"}],"predecessor-version":[{"id":13735,"href":"https:\/\/vadrouilles.xyz\/index.php?rest_route=\/wp\/v2\/pages\/13726\/revisions\/13735"}],"wp:attachment":[{"href":"https:\/\/vadrouilles.xyz\/index.php?rest_route=%2Fwp%2Fv2%2Fmedia&parent=13726"}],"curies":[{"name":"wp","href":"https:\/\/api.w.org\/{rel}","templated":true}]}}